, 6599
What are the prime factors of 9061686?
2, 3, 167809
List the prime factors of 4238061.
3, 71, 101, 197
What are the prime factors of 20951238?
2, 3, 7, 11, 101, 449
What are the prime factors of 2416540?
2, 5, 7, 41, 421
What are the prime factors of 387?
3, 43
What are the prime factors of 351241?
11, 37, 863
What are the prime factors of 24414272?
2, 433, 881
What are the prime factors of 1489571?
41, 47, 773
List the prime factors of 259148.
2, 17, 37, 103
What are the prime factors of 2044595?
5, 7, 58417
List the prime factors of 1329060.
2, 3, 5, 17, 1303
What are the prime factors of 5415780?
2, 3, 5, 90263
List the prime factors of 21607764.
2, 3, 23, 79, 991
List the prime factors of 23712.
2, 3, 13, 19
List the prime factors of 1419085.
5, 283817
List the prime factors of 6154092.
2, 3, 7, 24421
List the prime factors of 6823782.
2, 3, 7, 31, 1747
What are the prime factors of 84209?
107, 787
What are the prime factors of 1261399?
131, 9629
What are the prime factors of 72036?
2, 3, 23, 29
What are the prime factors of 8459658?
2, 3, 263, 1787
List the prime factors of 38739.
3, 37, 349
List the prime factors of 63910.
2, 5, 7, 11, 83
What are the prime factors of 16633876?
2, 7, 23, 1123
What are the prime factors of 1805367?
3, 109, 5521
List the prime factors of 323699.
323699
What are the prime factors of 3550085?
5, 7, 11, 9221
What are the prime factors of 7952867?
13, 127, 4817
What are the prime factors of 19716165?
3, 5, 7, 62591
What are the prime factors of 133879?
83, 1613
List the prime factors of 4150211.
13, 131, 2437
List the prime factors of 155338.
2, 101, 769
List the prime factors of 912617.
23, 39679
List the prime factors of 8605.
5, 1721
List the prime factors of 256540.
2, 5, 101, 127
What are the prime factors of 335562?
2, 3, 55927
What are the prime factors of 4987084?
2, 347, 3593
List the prime factors of 4638888.
2, 3, 19, 3391
What are the prime factors of 3654046?
2, 11, 37, 67
List the prime factors of 1493273.
1493273
What are the prime factors of 3388122?
2, 3, 62743
List the prime factors of 84011.
84011
List the prime factors of 8773.
31, 283
What are the prime factors of 33977?
61, 557
What are the prime factors of 21119?
7, 431
What are the prime factors of 6762574?
2, 7, 13, 73, 509
List the prime factors of 11542.
2, 29, 199
What are the prime factors of 978515?
5, 31, 59, 107
What are the prime factors of 17194978?
2, 89, 96601
List the prime factors of 99305.
5, 19861
What are the prime factors of 6563991?
3, 7, 6379
What are the prime factors of 10737728?
2, 167777
List the prime factors of 983546.
2, 491773
List the prime factors of 423362.
2, 211681
What are the prime factors of 47310?
2, 3, 5, 19, 83
List the prime factors of 560245.
5, 7, 16007
List the prime factors of 8099777.
7, 1157111
What are the prime factors of 408736?
2, 53, 241
List the prime factors of 88241.
88241
List the prime factors of 25473982.
2, 37, 344243
List the prime factors of 347300.
2, 5, 23, 151
What are the prime factors of 6389063?
173, 36931
List the prime factors of 368453.
368453
List the prime factors of 62328.
2, 3, 7, 53
List the prime factors of 22701071.
22701071
List the prime factors of 878810.
2, 5, 87881
List the prime factors of 61178.
2, 13, 181
List the prime factors of 124654.
2, 62327
What are the prime factors of 1928021?
17, 23, 4931
What are the prime factors of 12994828?
2, 7, 11, 31, 1361
List the prime factors of 182314.
2, 11, 8287
List the prime factors of 2246628.
2, 3, 187219
What are the prime factors of 5537137?
557, 9941
List the prime factors of 7618274.
2, 3809137
List the prime factors of 2097840.
2, 3, 5, 8741
List the prime factors of 44881.
37, 1213
What are the prime factors of 20621654?
2, 37, 278671
List the prime factors of 399976.
2, 17, 173
List the prime factors of 6690129.
3, 17, 233, 563
List the prime factors of 802513.
71, 89, 127
What are the prime factors of 519990?
2, 3, 5, 17333
What are the prime factors of 318302?
2, 167, 953
List the prime factors of 1290250.
2, 5, 13, 397
List the prime factors of 441875.
5, 7, 101
What are the prime factors of 313010?
2, 5, 113, 277
What are the prime factors of 3058?
2, 11, 139
What are the prime factors of 1339555?
5, 7, 38273
List the prime factors of 251165.
5, 191, 263
What are the prime factors of 7722204?
2, 3, 7, 23, 571
List the prime factors of 654040.
2, 5, 83, 197
What are the prime factors of 1587988?
2, 396997
What are the prime factors of 358204?
2, 7, 11, 1163
List the prime factors of 9566820.
2, 3, 5, 53149
List the prime factors of 784131.
3, 29, 9013
What are the prime factors of 692860?
2, 5, 7, 101
List the prime factors of 2638202.
2, 7, 188443
What are the prime factors of 43986576?
2, 3, 916387
What are the prime factors of 9434006?
2, 101, 46703
List the prime factors of 556845.
3, 5, 37123
List the prime factors of 9629938.
2, 487, 9887
List the prime factors of 297086.
2, 41, 3623
What are the prime factors of 92119?
92119
What are the prime factors of 2735120?
2, 5, 179, 191
What are the prime factors of 4382187?
3, 1460729
List the prime factors of 1469298.
2, 3, 233, 1051
What are the prime factors of 18355?
5, 3671
What are the prime factors of 287292?
2, 3, 89, 269
List the prime factors of 211417.
53, 3989
List the prime factors of 3382740.
2, 3, 5, 18793
List the prime factors of 1126681.
19, 3121
What are the prime factors of 492229?
277, 1777
List the prime factors of 28429.
28429
What are the prime factors of 247280?
2, 5, 11, 281
What are the prime factors of 191223?
3, 21247
List the prime factors of 647344.
2, 40459
List the prime factors of 5629372.
2, 7, 201049
List the prime factors of 1328341.
7, 27109
What are the prime factors of 17199312?
2, 3, 13, 43, 641
List the prime factors of 135356.
2, 13, 19, 137
List the prime factors of 126257.
126257
What are the prime factors of 910650?
2, 3, 5, 13, 467
List the prime factors of 11422100.
2, 5, 114221
What are the prime factors of 2753067?
3, 917689
What are the prime factors of 783062?
2, 7, 55933
What are the prime factors of 5410?
2, 5, 541
What are the prime factors of 345804?
2, 3, 28817
List the prime factors of 35817.
3, 11939
What are the prime factors of 58405?
5, 11681
List the prime factors of 2647683.
3, 37, 7951
List the prime factors of 121392.
2, 3, 281
List the prime factors of 1515423.
3, 7, 13, 61
List the prime factors of 86010.
2, 3, 5, 47, 61
List the prime factors of 1021260.
2, 3, 5, 17021
List the prime factors of 3443665.
5, 688733
What are the prime factors of 54492?
2, 3, 19, 239
What are the prime factors of 3936341?
139, 28319
What are the prime factors of 4627171?
139, 33289
What are the prime factors of 2724585?
3, 5, 181639
What are the prime factors of 1642546?
2, 199, 4127
What are the prime factors of 716913?
3, 79657
What are the prime factors of 396322?
2, 71, 2791
List the prime factors of 4571340.
2, 3, 5, 61, 1249
What are the prime factors of 2409754?
2, 31, 38867
What are the prime factors of 400995?
3, 5, 7, 19, 67
List the prime factors of 316720.
2, 5, 37, 107
What are the prime factors of 1186877?
61, 19457
What are the prime factors of 394360?
2, 5, 9859
List the prime factors of 3583352.
2, 31, 14449
List the prime factors of 585339.
3, 59, 3307
What are the prime factors of 136120?
2, 5, 41, 83
What are the prime factors of 132329?
132329
List the prime factors of 1322175.
3, 5, 17, 61
What are the prime factors of 269785?
5, 79, 683
What are the prime factors of 3441149?
3441149
What are the prime factors of 3430399?
7, 490057
List the prime factors of 617246.
2, 7, 44089
What are the prime factors of 12652815?
3, 5, 7, 120503
List the prime factors of 3999527.
7, 31, 2633
List the prime factors of 740876.
2, 23, 8053
List the prime factors of 4234486.
2, 317, 6679
What are the prime factors of 3707743?
13, 73, 3907
List the prime factors of 405102.
2, 3, 107, 631
What are the prime factors of 2923918?
2, 877, 1667
What are the prime factors of 10946707?
2203, 4969
List the prime factors of 36678437.
36678437
List the prime factors of 1996488.
2, 3, 13, 79
List the prime factors of 6914780.
2, 5, 345739
What are the prime factors of 253791?
3, 163, 173
List the prime